the tens digit of 1*-3*141/g?
4
Let x(h) = h**3 - 23*h**2 + 20*h + 54. Let b be x(22). Suppose 1197 = -3*p + b*p. What is the hundreds digit of p?
1
Let y be (26/4)/((-3)/(-42)). Suppose 23 = 3*x - y. Let u = x + -7. What is the units digit of u?
1
What is the units digit of 1502/14 + -11 + 825/77?
7
What is the units digit of (23/((-276)/(-40)))/(6/3123)?
5
Suppose -3633 = 12*p - 19*p. What is the tens digit of p?
1
Let y(k) = 2*k + 3. Let d be y(8). Suppose -s - 5*h - d = 0, 5*s + 9*h - 4*h = -75. Let p = -7 - s. What is the units digit of p?
7
Suppose 42 + 38 = 4*y. Let r = y + 61. What is the units digit of r?
1
Let d(o) = o + 8. Let h(x) = 2*x - 7. Let t be h(-3). Let l be (t/(-1) - 3)/2. What is the tens digit of d(l)?
1
Let p(d) be the first derivative of d**4/4 + 8*d**3/3 + 3*d**2 - 6*d + 13. Suppose -c - 28 = 3*c. What is the units digit of p(c)?
1
Let h = 2636 - 1700. Suppose -b = 2*b - h. What is the units digit of b?
2
Suppose -46730 - 66166 = -24*z. What is the tens digit of z?
0
Suppose -4*d - 4*d = 0. Suppose 3*j - 36 + d = 0. Let p = 14 - j. What is the units digit of p?
2
What is the hundreds digit of 0 + 9 + 1294/2?
6
Let p(a) = a**2 + 9*a + 5. Let c be p(-8). Let b = c - -5. Suppose 5*s = b*s + 132. What is the tens digit of s?
4
Let u(g) = -g**2 + 1 + g - g + 2*g. Suppose 4*i - 7 = -4*n + 5, -4*i = n - 6. What is the units digit of u(n)?
1
Suppose 277 = 8*n - 18899. What is the units digit of n?
7
Let z(i) = 113*i**2 - i. Suppose -9*b + 2 = -11*b. What is the units digit of z(b)?
4
Suppose 0 = 4*z - z + 9. Let h be ((-10)/3)/(6/(-18)). Let p = h - z. What is the units digit of p?
3
Suppose 75 = 4*y - h + 286, -2*y = -h + 107. Let i = 155 + y. What is the hundreds digit of i?
1
Suppose -5*i + 1940 = 2*v, -3*i - 347 + 1510 = v. Suppose -2*h - 126 + i = 0. What is the tens digit of h?
3
What is the tens digit of 11*(-168)/15*(-150)/20?
2
Suppose 37 - 442 = 5*m. Let n = 160 + m. What is the units digit of n?
9
Let c(x) = 512*x - 190. What is the tens digit of c(6)?
8
Let f be -1*3/6 - (-44)/(-8). What is the tens digit of -1*91/(-2) - f/(-12)?
4
Suppose -5*b = 91 - 131. What is the units digit of 99 - (-4)/(4 - b)?
8
Let j = 524 - 331. What is the hundreds digit of j?
1
What is the units digit of (-4)/(-10) - (0 - (-11890)/(-25))?
6
Let g = 2065 - -240. What is the hundreds digit of g?
3
Suppose 0 = -j + 5*v + 123, 5*v - 6*v = -4*j + 587. Let n = 321 - j. What is the units digit of n?
3
Let n(g) = -g - 5. Let x be n(9). Let w = x - -14. Suppose w = 5*l - 0*l - 190. What is the units digit of l?
8
Suppose 10*c = 417 + 10123. What is the thousands digit of c?
1
Suppose -3*p - 5*n = -0*p - 5, -n + 23 = 5*p. Let f(k) = -k**3 + 5*k**2 - 3*k + 6. Let q be f(p). What is the units digit of 4/(-18) + (-173)/q?
9
Suppose -1637 = b - 7292. What is the hundreds digit of b?
6
Let g = 67 - -26. What is the tens digit of g?
9
Suppose 4*f = -4*s + 568, -3*f = -7*f + 5*s + 559. What is the units digit of f?
1
Let r(t) = -3*t - 8. Let o(g) = g + 9. Let x be o(-15). Let v be r(x). Suppose 13*k - 90 = v*k. What is the units digit of k?
0
Let d(o) be the second derivative of 0 + 5/3*o**4 - 1/2*o**2 - 5*o + 0*o**3. What is the tens digit of d(1)?
1
Let h = 88 - 81. Suppose -h + 9 = -2*r, 5*k - 578 = 3*r. What is the tens digit of k?
1
Let p(x) = 359*x + 613. What is the hundreds digit of p(10)?
2
Let u(d) = 2*d - 15. Let t be u(10). Suppose -3*w - w - t*h - 3 = 0, 6 = 3*w + h. What is the units digit of 11/w - 17/(-51)?
4
Suppose -l - 2424 = -3*u, 3*u - 1419 = 5*l + 1017. What is the tens digit of u?
0
Let t(x) = 16*x - 15. Let r(f) = 31*f - 31. Let k(b) = 6*r(b) - 11*t(b). What is the tens digit of k(11)?
8
Let d(j) = -2*j**3 + 5*j**2 - 7*j + 5. Let u(x) = -x**3 + 1. Let o(v) = d(v) - u(v). Let w be o(5). What is the units digit of 3/(3/(-1))*w?
1
Let b = 11406 + -7091. What is the units digit of b?
5
Let u(s) = -13*s - 14*s + 5*s**2 - 5 + 28*s. What is the tens digit of u(-5)?
1
Let a = -351 + 2714. What is the hundreds digit of a?
3
Let y = -351 + 932. What is the hundreds digit of y?
5
Let z be (-19 - 1)*39/(-156). Let b(n) = -67*n**3 - n**2. Let g be b(-1). Suppose 0 = -z*d + 10, -4*o - 3*d + g = -0*o. What is the tens digit of o?
1
Let f(u) = u + u**3 - 2*u + 0 + 0 + 10*u**2. Suppose 4*o + 40 = -4*y, -5*y - 2*o = 14 + 36. What is the tens digit of f(y)?
1
Let y(v) = v**2 - 14*v + 29. Let x be y(12). Suppose 43 + 27 = x*r. What is the units digit of r?
4
Let z = 29 + -21. Suppose 0 = -2*w + 6*w - z, r + 5*w - 25 = 0. Suppose -r = -0*p - p. What is the units digit of p?
5
Let k(j) = -17 - 7 + 5 + j + 34. Let d be k(-6). Suppose 13*g - 84 = d*g. What is the tens digit of g?
2
Suppose -67*k = 2*q - 69*k - 4756, 3*q - 7137 = 2*k. What is the thousands digit of q?
2
Suppose -2*l - 548 - 134 = -3*p, 4*l + 20 = 0. What is the units digit of p?
4
Let g(u) = -u + 4. Let j be (-2)/(0 + (-4)/10). Suppose 3*m - 39 = j*y, -12 = -4*m - 0. What is the units digit of g(y)?
0
Suppose -g - 5*g = -6. Suppose -p + 5 = g. What is the tens digit of -5*(2 - p) - -3?
1
Let l = 136 - 133. Suppose 9*f = -5*p + 4*f + 30, -f = -l*p + 10. What is the units digit of p?
4
Let s = 276 - 77. What is the tens digit of s?
9
Suppose v - 11 = 2*a, 0 = -3*v - a + 2*a + 18. Suppose -479 = -v*o - 9. What is the tens digit of o?
9
Suppose g = 2*r - 4*r - 11, 4*g - 60 = 5*r. Let c be (r/2)/4*-1. What is the units digit of -1 - 2 - (-6 - c)?
4
Let w(x) = -9*x**3 + 2*x**2 - 3*x + 16. What is the units digit of w(-5)?
6
Let x = -3 + 9. Let b be 692/28 + x/21. Suppose b = 2*n - 7. What is the units digit of n?
6
Suppose -9*d = -13*d + 24. Let f be 2*d*(-1)/(-2). Suppose -f*x = 62 - 338. What is the tens digit of x?
4
Suppose -11*p = -3565 - 1539. What is the hundreds digit of p?
4
Suppose 0 = 12*z + 6*z - 37656. What is the units digit of z?
2
Let v be (-1 - 5)*3/9 + 6. Let w(a) = 4*a**2 - 7*a + 7. What is the units digit of w(v)?
3
What is the thousands digit of (-7)/((-10119)/1686 + (9 - 3))?
3
Let w = -4573 - -8365. What is the hundreds digit of w?
7
Let q(f) = -497*f - 1. Let p be q(-1). Suppose -3*h + 95 = -2*h - 4*i, -i = 5*h - p. Suppose -4*s = 2*w + w - h, s - 61 = -2*w. What is the tens digit of w?
2
Let l be -5 - -4 - 5/(-1). What is the units digit of 346/18 + l/(-18)?
9
Suppose 6 = -2*k, k + 4 = 4*t - 3. What is the units digit of (t/2)/(9/18)?
1
Let y = 1767 - 1208. What is the units digit of y?
9
Let j(p) = 7*p**2 + 16*p + 50. What is the units digit of j(-4)?
8
Suppose 555 - 5460 = -5*l. What is the units digit of l/21 - (-18)/63?
7
Suppose 0 = -3*d + 30 - 0. Let i = d + -10. Suppose -a + 8 = j - i*a, -j - 4 = -3*a. What is the units digit of j?
5
What is the hundreds digit of 1436/(-3)*270/(-120)?
0
Let c(g) = -g**2 - g. Let n be c(0). Suppose h = -2 - n. What is the units digit of (1 + h)*(-7)/1?
7
Suppose -343*l - 6064 = -351*l. What is the hundreds digit of l?
7
Let d(k) = -502*k - 535. What is the tens digit of d(-6)?
7
Let w(b) = b**2 + 10*b + 10. Let t be w(-8). Let n(z) = -z**3 - 4*z**2 + z - 7. What is the tens digit of n(t)?
5
Let n(l) = 325*l - 102. What is the tens digit of n(5)?
2
Suppose -3*l = -5*l + 26. Let d = l + -12. What is the tens digit of (-2 - 2) + (d - -49)?
4
Let q(j) be the second derivative of -j**5/20 - j**4/6 - 2*j**3/3 - 5*j**2/2 + 3*j. What is the units digit of q(-3)?
6
Suppose -4*n + 4 + 32 = 0. Suppose -4*h + n = -3. Suppose -6*m + h*m + 12 = 0. What is the units digit of m?
4
Let s(n) = -n**3 + 2*n**2 + 19*n + 1. What is the units digit of s(-9)?
1
Suppose -n - 2*n = 15. Let l = n + 32. Let f = l - 9. What is the tens digit of f?
1
Suppose 0 = 3*q - 126 - 96. Let m = q - 19. What is the tens digit of m?
5
Suppose -5*u + 760 = 5*r, u - r - 137 = r. What is the hundreds digit of u?
1
Suppose 2*m - i + 1 + 3 = 0, 0 = -5*i + 20. Suppose 3*u - f = 7, -5 = 4*u + 2*f - 1. What is the units digit of 29 + (m - 5) + u?
5
Let l(r) = r**3 + 13*r**2 - 15*r - 11. Let u be l(-14). Let f be -179 - (u + -15)/3. What is the tens digit of (2 - f)*(-1)/(-3)?
5
Let p(t) = -t**2 + 5*t - 1. Let o be p(4). Suppose 1 = -3*h - w, -o*w + 23 = -4*h - 0*w. What is the units digit of (184/16)/((-1)/h)?
3
Let o(a) = a**2 + 21*a + 27. Let r be o(-21). Let n = r - 18